18648?
2, 3, 7, 37
List the prime factors of 259594.
2, 31, 53, 79
What are the prime factors of 334967?
131, 2557
What are the prime factors of 817295?
5, 223, 733
List the prime factors of 229751.
229751
List the prime factors of 98350.
2, 5, 7, 281
List the prime factors of 256488.
2, 3, 10687
List the prime factors of 7493223.
3, 29, 43, 2003
List the prime factors of 118506.
2, 3, 19751
What are the prime factors of 8470372?
2, 2117593
List the prime factors of 13019534.
2, 11, 97, 6101
List the prime factors of 204954.
2, 3, 34159
What are the prime factors of 1689659?
1689659
List the prime factors of 11094.
2, 3, 43
What are the prime factors of 2676576?
2, 3, 7, 569
What are the prime factors of 1904488?
2, 29, 8209
List the prime factors of 173268.
2, 3, 4813
What are the prime factors of 1236916?
2, 191, 1619
List the prime factors of 153238.
2, 17, 4507
List the prime factors of 113574.
2, 3, 23, 823
What are the prime factors of 4015989?
3, 446221
What are the prime factors of 7545600?
2, 3, 5, 131
List the prime factors of 2771121.
3, 31, 83, 359
List the prime factors of 226038.
2, 3, 101, 373
List the prime factors of 455867.
19, 23993
What are the prime factors of 448249?
448249
List the prime factors of 2609890.
2, 5, 31, 8419
What are the prime factors of 11979526?
2, 13, 17, 27103
List the prime factors of 4841143.
19, 61, 4177
List the prime factors of 1035701.
41, 25261
What are the prime factors of 1041163?
1041163
List the prime factors of 65620.
2, 5, 17, 193
What are the prime factors of 87263?
11, 7933
What are the prime factors of 907395?
3, 5, 60493
What are the prime factors of 3736979?
1493, 2503
What are the prime factors of 178725?
3, 5, 2383
What are the prime factors of 324392?
2, 23, 41, 43
What are the prime factors of 8830674?
2, 3, 29, 5639
What are the prime factors of 1085359?
11, 98669
List the prime factors of 1434367.
11, 19, 6863
List the prime factors of 669428.
2, 101, 1657
List the prime factors of 250986.
2, 3, 59, 709
What are the prime factors of 63223?
17, 3719
List the prime factors of 201229.
7, 17, 19, 89
What are the prime factors of 14982782?
2, 53, 107, 1321
List the prime factors of 343988.
2, 23, 3739
List the prime factors of 20096891.
173, 116167
List the prime factors of 92645.
5, 7, 2647
List the prime factors of 93583.
7, 29, 461
List the prime factors of 739390.
2, 5, 73939
List the prime factors of 621964.
2, 7, 97, 229
List the prime factors of 288845.
5, 41, 1409
List the prime factors of 722640.
2, 3, 5, 3011
What are the prime factors of 545331?
3, 181777
What are the prime factors of 144130?
2, 5, 7, 29, 71
What are the prime factors of 18292794?
2, 3, 13, 29, 8087
List the prime factors of 336737.
19, 37, 479
List the prime factors of 219937.
219937
List the prime factors of 4851662.
2, 37, 65563
List the prime factors of 10034444.
2, 7, 358373
What are the prime factors of 296970?
2, 3, 5, 19, 521
What are the prime factors of 2872010?
2, 5, 23, 12487
List the prime factors of 91794.
2, 3, 15299
List the prime factors of 15194927.
11, 19, 23, 29, 109
List the prime factors of 818338.
2, 31, 67, 197
What are the prime factors of 6438541?
173, 37217
What are the prime factors of 22955426?
2, 13, 23, 1669
What are the prime factors of 10523158?
2, 521, 10099
What are the prime factors of 8756264?
2, 11, 19, 5237
List the prime factors of 374263.
31, 12073
List the prime factors of 1637198.
2, 47, 17417
What are the prime factors of 725247?
3, 26861
What are the prime factors of 59519?
53, 1123
What are the prime factors of 6136531?
59, 104009
What are the prime factors of 341568?
2, 3, 593
What are the prime factors of 6838453?
47, 83, 1753
What are the prime factors of 378821?
378821
What are the prime factors of 36286611?
3, 12095537
What are the prime factors of 10563311?
11, 421, 2281
What are the prime factors of 2485986?
2, 3, 414331
List the prime factors of 114038.
2, 19, 3001
List the prime factors of 9457337.
101, 93637
What are the prime factors of 304629?
3, 13, 73, 107
List the prime factors of 9670114.
2, 4835057
What are the prime factors of 4991101?
4991101
What are the prime factors of 144671?
144671
List the prime factors of 1265641.
13, 7489
List the prime factors of 551010.
2, 3, 5, 18367
List the prime factors of 2617141.
2617141
What are the prime factors of 14843150?
2, 5, 7, 42409
What are the prime factors of 1783179?
3, 239, 829
What are the prime factors of 891150?
2, 3, 5, 13, 457
What are the prime factors of 145036?
2, 101, 359
List the prime factors of 435464.
2, 29, 1877
What are the prime factors of 61633?
11, 13, 431
What are the prime factors of 1275145?
5, 181, 1409
What are the prime factors of 1185921?
3, 11
What are the prime factors of 2649221?
653, 4057
List the prime factors of 1777774.
2, 888887
List the prime factors of 2955099.
3, 7, 109, 1291
What are the prime factors of 13512761?
67, 201683
What are the prime factors of 618594?
2, 3, 103099
List the prime factors of 28389.
3, 9463
What are the prime factors of 6638644?
2, 1659661
What are the prime factors of 287131?
13, 1699
List the prime factors of 26537152.
2, 414643
List the prime factors of 18533774.
2, 7, 17, 43, 1811
What are the prime factors of 904491?
3, 7, 293
What are the prime factors of 1277526?
2, 3, 149, 1429
List the prime factors of 3959935.
5, 7, 2309
List the prime factors of 15611374.
2, 97, 80471
What are the prime factors of 695134?
2, 11, 19, 1663
What are the prime factors of 10683198?
2, 3, 197837
List the prime factors of 2090417.
7, 298631
List the prime factors of 1915525.
5, 193, 397
List the prime factors of 2955923.
2955923
List the prime factors of 7385458.
2, 1459, 2531
List the prime factors of 100038.
2, 3, 16673
List the prime factors of 369203.
191, 1933
List the prime factors of 219433.
219433
What are the prime factors of 1861141?
1861141
List the prime factors of 1506951.
3, 55813
List the prime factors of 708305.
5, 13, 17, 641
What are the prime factors of 10800861?
3, 73, 149, 331
What are the prime factors of 107537?
53, 2029
What are the prime factors of 2637345?
3, 5, 193, 911
List the prime factors of 362183.
373, 971
List the prime factors of 1603210.
2, 5, 7, 37, 619
List the prime factors of 1955488.
2, 53, 1153
What are the prime factors of 1252616?
2, 156577
List the prime factors of 374777.
13, 127, 227
What are the prime factors of 2764447?
7, 79, 4999
List the prime factors of 28597599.
3, 3177511
What are the prime factors of 532337?
13, 40949
What are the prime factors of 12595681?
7, 79, 22777
What are the prime factors of 75054?
2, 3, 7, 1787
List the prime factors of 7267100.
2, 5, 72671
What are the prime factors of 46756?
2, 11689
What are the prime factors of 381514?
2, 7, 17, 229
What are the prime factors of 200067?
3, 7, 1361
List the prime factors of 17718432.
2, 3, 184567
What are the prime factors of 551926?
2, 275963
List the prime factors of 608100.
2, 3, 5, 2027
List the prime factors of 2102972.
2, 41, 12823
List the prime factors of 7990289.
17, 307, 1531
List the prime factors of 91119.
3, 7, 4339
List the prime factors of 473923.
473923
List the prime factors of 249276.
2, 3, 20773
What are the prime factors of 173588?
2, 43397
What are the prime factors of 987483?
3, 7, 59, 797
What are the prime factors of 1338403?
11, 281, 433
What are the prime factors of 908674?
2, 13, 34949
What are the prime factors of 717298?
2, 17, 73
What are the prime factors of 161137?
161137
List the prime factors of 228641.
7, 89, 367
List the prime factors of 6937437.
3, 13, 177883
List the prime factors of 1045125.
3, 5, 929
List the prime factors of 1388554.
2, 694277
What are the prime factors of 682007?
79, 89, 97
List the prime factors of 688205.
5, 7, 53
List the prime factors of 3761967.
3, 11, 29, 3931
List the prime factors of 342454.
2, 7, 61, 401
What are the prime factors of 19425367?
13, 137, 839
List the prime factors of 42902.
2, 19, 1129
What are the prime factors of 725781?
3, 7, 17, 19, 107
What are the prime factors of 1026624?
2, 3, 5347
What are the prime factors of 854043?
3, 284681
List the prime factors of 62810.
2, 5, 11, 571
List the prime factors of 1680876.
2, 3, 46691
List the prime fa